 + 0 + (-20 - -10 - 2 - 4)
-9
What is (-4 + -8 - -2) + (-14 - (1 - 5))?
-20
Calculate 2 + (-3 - (6 - 16)).
9
What is (-6 - -3) + 65 + -69?
-7
What is 15 + 6 + -45 + 15?
-9
What is -24 + 37 - (9 + 8 - 0)?
-4
Evaluate 5 + -20 - -17 - (8 + -2 - -1).
-5
Calculate (3 + -14 - -2) + 2 + (9 - 9).
-7
Calculate -7 - 3 - (-15 - -12 - -10).
-17
-18 - (1 - (3 - -4)) - -2
-10
Calculate (-19 - 2) + (2 - 16) + (3 - 3).
-35
What is the value of 2 - (-18 + 18 - (20 + (-4 - -6)))?
24
(-8 - 20) + 64 + -26 - (-1 + -6)
17
What is -14 - (-13 + (0 - 6))?
5
What is (7 - (-1 - -3 - 1)) + 3?
9
3 + (-30 - -23) + (-2 - 17) + 1
-22
-12 - -1 - (-32 + 67 + -37)
-9
What is 29 + -61 - -48 - 25?
-9
6 - ((25 - (-34 + 25)) + -4 + 2)
-26
Calculate (-27 + 2 - -16) + 4.
-5
Calculate 12 - -14 - (-13 + 40).
-1
What is -7 + (15 - (-3 - 12)) + -6?
17
-12 + (9 - -9) + 11
17
Calculate -13 + (-1 - -13) - -18.
17
What is the value of -10 - ((-6 + 7 - 0) + (3 - 7))?
-7
Calculate 2 + 12 + 5 + 5 + 11 + -15.
20
What is -52 - (-8 - 15) - (-1 + -8)?
-20
What is 23 - (37 + -19) - (0 + -1)?
6
-9 - (-3 + 1 + (-7 - 2) + 5)
-3
Calculate -16 + -14 + (36 - (6 + -12)).
12
What is 2 + -24 + -15 + 3 + 16?
-18
What is (-10 - -6) + (-6 - (-18 + 4 + 0))?
4
What is the value of (-2 + (6 - -3) + 7 - 7) + 4?
11
What is the value of -13 - 2 - (-2 + -4) - (-43 - -33)?
1
Evaluate -7 - (-33 - 0 - ((-45 - -24) + 9)).
14
-11 - (-32 - -78 - 28)
-29
Evaluate -3 - (9 + -2 + 2 + -11 - -4).
-5
(-2 - -15) + -2 + -21
-10
What is -38 - (49 + -61) - (-7 + -1)?
-18
(-6 - -7) + 13 + -1
13
What is the value of 10 + -5 - ((-9 - 6) + 5 - -4)?
11
Evaluate -1 + (-24 - -12) + (-3 - -6).
-10
What is the value of 0 + (-17 - (-6 + (4 - (1 + 3))))?
-11
Evaluate (32 + -9 - 19) + 8.
12
Evaluate (-3 - -12) + (5 - (-4 - -2)) + 0.
16
What is the value of 37 + -17 + -4 + (1 - 4) + 8?
21
What is the value of (-25 - (6 - (16 + 2))) + 5 + -2?
-10
-10 - 2 - (-294 + 310)
-28
Calculate -109 - -104 - (1 + -9).
3
What is -5 - (7 - (6 - 7 - -8))?
-5
Evaluate 7 + (13 - (8 - (-1 - -2))).
13
What is -9 + (12 - -6) + -7 - -8?
10
Calculate 6 + 2 + (-62 - -28).
-26
Calculate -5 + 1 - ((1 - 16) + 2 - -16).
-7
Calculate -23 + 21 + -7 + 2 - 9.
-16
Calculate (-20 - -10) + -12 + 43 - 14.
7
-18 - -3 - (21 + -26)
-10
What is the value of (-92 - -98) + (0 - 26) + (1 - 0)?
-19
What is 2 + (-20 - ((8 - 15) + 7))?
-18
(2 - -3) + (19 - 13 - 10)
1
Evaluate (6 - (35 - 7)) + (2 - -7).
-13
What is the value of 3 + (-5 - (-6 + (1 - 0) + 4))?
-1
Calculate -5 + (9 - (-3 + -1)) + -9.
-1
What is (6 - -12) + -7 + 11?
22
Calculate -11 - (-11 - (2 - 11)) - (0 - 5).
-4
What is the value of -6 + 5 + 6 + -10 + -2 - -16?
9
What is 32 + -36 + (30 - 26)?
0
(-9 - (-8 + 11 - 17)) + (4 - 3)
6
What is the value of -2 + 4 - (18 - (19 + -9)) - -18?
12
(-1 - ((5 - 6) + 6)) + (6 - 1)
-1
Calculate 12 - (-62 + 9 + 40).
25
What is the value of (17 - 0) + -69 + 62?
10
Calculate (2 + -14 - -5) + 4 - (-20 + 1).
16
-24 + 42 + (2 - 12) + 0
8
Calculate -2 - (0 - -6 - ((-31 - -9) + 32)).
2
What is the value of 5 + 3 + -65 + 46 - (-3 + -16)?
8
Calculate 2 + -6 - (1 - 7 - -6).
-4
What is 35 + (2 - 46) + 17?
8
What is (9 + -6 + 4 - 0) + (-1 - -7)?
13
What is 22 - 42 - -17 - -10?
7
Calculate -12 + 3 + (87 - 89).
-11
What is -38 + 25 + (-12 - -7)?
-18
What is 15 - (-2 + 15 - 0)?
2
What is the value of 23 - (6 - (-6 + (14 - 3) + -3))?
19
Calculate (4 - (-36 + 23)) + -23.
-6
What is -2 + 8 - (23 + -24 + 13) - -11?
5
Calculate (12 - (8 + -3 + 3)) + 8.
12
Evaluate -5 + (-2 - -2) + 2 + (8 - 17).
-12
Evaluate 577 + -578 + (-2 - -3 - 22).
-22
Evaluate (15 - 2) + (5 - 23).
-5
28 - 7 - (-9 + 63)
-33
Calculate 3 + (15 + -7 + -2 - 9).
0
What is -2 + 7 + (-3 - (-53 + 40))?
15
Calculate -15 - (-9 - (7 - (10 + (-13 - -11)))).
-7
What is the value of 8 - ((-22 - -31) + -13)?
12
Evaluate 12 + -6 + -25 - -1.
-18
Evaluate 11 - (-3 + -8 + 33 + 7).
-18
Calculate 11 - (-9 - -10) - -4.
14
24 + (1 - 17) + 31 + -19
20
Evaluate -43 + (49 + -31 - -13).
-12
What is the value of 0 - 3 - (-51 + 41 + -1 + -2)?
10
What is the value of (-2 - -3 - (1 + -3 + 34)) + 9?
-22
What is (-34 - -35 - (0 + -3 + 0)) + 5?
9
What is the value of -13 + 17 - (8 + 3 + -2)?
-5
What is the value of 29 + -41 + 0 + 1 + 4?
-7
What is -4 - (2 + -5) - (3 + 2) - -5?
-1
What is the value of -48 + -17 + (-14 - -66)?
-13
(3 + -4 - 0) + -4 + (0 - -1)
-4
Evaluate -6 + (7 - (13 + -5 - 19)) + -5.
7
What is 29 - (34 - (3 - -19))?
17
Evaluate -5 - (18 + -14 - (0 + 17)).
8
What is the value of -7 + 0 + 8 + -7 - -8?
2
Evaluate -5 - -10 - (8 + -3 + -4).
4
Calculate -2 - -11 - ((-1 - 15) + 22).
3
What is 19 - (-6 - ((12 - 9) + -7))?
21
What is 5 - (-29 + 38) - -5?
1
Evaluate (4722 - 4742) + -2 + 1 + -8.
-29
Calculate (-49 - (-10 - 1 - 0) - -11) + -2.
-29
Evaluate -8 + (24 - 29) + 16.
3
Calculate 2 - (-7 + 3) - 35 - (-4 - 5).
-20
What is the value of (13 + -2 - (-2 + 11)) + 4?
6
Calculate 8 + 2 - (-14 + 23 + 2).
-1
What is -8 - (7 + -23 + (0 - -2))?
6
Calculate (-7 - -2 - -6 - 7) + 2.
-4
25 - 14 - 7 - -9
13
What is the value of 5 - 15 - (-11 + -3)?
4
What is the value of 1 - ((3 - 7 - 2) + (4 - 6))?
9
Calculate -17 + (12 + -6 - 8) - (-11 - -4).
-12
What is the value of -7 + (5 - (2 - 1) - -7)?
4
What is the value of -30 - (-21 - (-26 + 21))?
-14
23 + -7 + -14 + -2
0
What is the value of -58 + 24 - -15 - -16?
-3
What is -49 - -36 - (-1 + -7) - -9?
4
Calculate 28 - ((1 - -4) + (-64 - -76)).
11
What is 495 - 501 - (0 + -2 + (13 - 3))?
-14
Evaluate (2 - 1) + (114 - 93).
22
Calculate 7 - 2 - (11 - -15) - (-15 + 3).
-9
Calculate 15 + -16 + 18 + -5.
12
Calculate -2 + (-9 - (5 - -3)) + 9.
-10
What is the value of -7 + (-85 - -52 - (-2 + -6))?
-32
What is the value of (-5 + -6 + 13 - 9) + 13 - 17?
-11
What is -10 + 49 - (-114 + 119)?
34
Evaluate (12 + -4 - (-17 - -13)) + -3.
9
Evaluate -4 + -6 + 8 - (0 + -45 - -7).
36
Evaluate 144 + -86 - 56 - (0 - 0 - -33).
-31
(-10 + 2 - (-4 + 7)) + 3 + 4
-4
What is -3 - -6 - (-4 - -9) - (-5 + 14)?
-11
Evaluate -26 - (11 + -21) - -28.
12
What is the value of 16 + -6 + (0 - (-2 + 0))?
12
Calculate (175 - 188) + (1 - 22) + 1.
-33
What is 3 - (2 - -13 - 0)?
-12
-4 - 2 - (9 + (-2 - 1))
-12
Evaluate 4 + 1 + -5 + (3 - (-1 - 8)).
12
(11 - (-3 - -10) - 5) + 12
11
What is the value of -3 + -3 - 7 - (-16 - (-13 - -4))?
-6
-8 + 7 - -1 - -14
14
What is the value of 6 + (-18 + 6 - (-3 - 4 - -4))?
-3
12 - ((-1 + -1 - -5) + (161 - 168))
16
What is (-16 - -2) + -41 + 38 + 0?
-17
-20 - (-6 - (-8 + -6 + 14 - -2))
-12
7 + 6 + -23 + 3 - -11
4
What is 18 - (6 - -22) - 5?
-15
What is (-6 - (-1 + -4)) + -6 + 8 - -8?
9
Calculate -6 + (-1 - (4 + -8 - 5)).
2
What is 6 + (8 - 14) - (8 + (7 - 14))?
-1
What is (-20 - -13) + (-3 - -14) + 3 - 15?
-8
Evaluate (-2 - -9 - (14 + -8)) + 10.
11
What is the value of 2 + 0 + (-39 - -39 - (13 + -2))?
-9
Evaluate -2 + -6 + 13 + -5 + -10.
-10
What is -5 - ((19 - (-10 + 22)) + -10)?
-2
Evaluate 19 + (-6 - (-1 - (5 + -5 - 1))).
13
Calculate 1 - 23 - (412 - 429).
-5
What is the value of -11 + 11 + 6 + 21 + -12?
15
What is 5 + ((7 - 10) + -1 - -4)?
5
What is (10 - (21 - 23)) + (-7 - 2)?
3
10 + (-5 + -3 - (-20 + -5)) + 3
30
What is the value of 8 + (4 - (2 + 10)) + -1?
-1
What is the value of -3 + 35 + (23 - 34)?
21
Evaluate -5 + (-9 + 4 - -12) + -1 + 4.
5
Calculate 3 + (8 - 10 - -4 - 10).
-5
Evaluate 4 + (9 - 12) - -15.
16
Evaluate 11 + -1 - (0 + -3 - (-14 - -9)).
8
Evaluate (-923 - -932) + 0 + -1 + -18 + 4.
-6
Evaluate 0 - 5 - (240 + -252).
7
What is 3 + (5 - -1 - 17) + 3 - 4?
-9
Evaluate 36 + -69 + -1 + 2.
-32
Calculate 0 + (-15 - 25 - -43).
3
Calculate -21 + -1 - (17 - (8 - -5) - 6).
-20
Calculate 9 + (10 - 11) - (-1 + 1).
8
Evaluate 9 + 3 + 0 + 1.
13
Calculate (-8 - (18 + -14)) + (6 - 3) + -6.
-15
Evaluate -12 + (0 - -5) + -12 + 2.
-17
What is the value of -5 + (-7 - -4) - (-3 + 7 - -4)?
-16
Calculate (-5 - -2) + (-14 - -15).
-2
Calculate -2 + -5 - (-33 - -13).
13
What is the value of -2 + (-17 - (3 - ((-1 - 0) + 10)))?
-13
5 + 2 + (1 - 9) + 4 + -5
-2
Evaluate 1 + -8 - (47 + -34 - 23) - 1.
2
-46 + 32 + 3 + (-4 - -2) - 2
-15
Calculate (12 - (3 - -4)) + -6 + 7.
6
-6 + 11 + -18 + (-11 - -6)
-18
What is the value of (-4 + 4 - -13) + -2 + -1?
10
-8 - -4 - 3 - (-108 - -95)
6
Evaluate 40 + (8 - (21 - 6)) + 7 + -10.
30
Evaluate 10 + (-17 - -15 - -9